4 is divided by 16?
13
Let u(p) = p**3 + 9*p**2 - 9*p + 14. Calculate the remainder when 14 is divided by u(-10).
2
Let f be 16/(-2) + 0/1. Let h(q) = -10*q + 2. Let l be h(f). Let z = l + -59. What is the remainder when 44 is divided by z?
21
Let n = 53 - 24. Let p(j) = -j. Let t be p(-11). Let w(x) = -x + 21. What is the remainder when n is divided by w(t)?
9
Suppose -4*w + 39 = 5*j - 8*w, 3*j + 5*w - 53 = 0. Calculate the remainder when 41 is divided by j.
8
Suppose 5*b - u + 315 = 3*u, 0 = 5*u. Let v = b + 126. What is the remainder when v is divided by 33?
30
Suppose -120 = -0*u - 2*u. Suppose -3*p = p - u. Calculate the remainder when 27 is divided by p.
12
Let x(b) = -4*b + 2. Let k be x(3). Let o = 22 + k. What is the remainder when 688/20 + (-6)/15 is divided by o?
10
Let x = -21 + 36. Let t = 41 - -2. Suppose u - 2*u = -t. Calculate the remainder when u is divided by x.
13
Suppose 35 = 4*o - 85. Let x be o + (0 - (2 - 0)). Suppose 3*p - x = -p. Calculate the remainder when 18 is divided by p.
4
Suppose -5*n + 28 - 3 = 0. Suppose 2*t = n + 3. Suppose t = -0*d + d. Calculate the remainder when 6 is divided by d.
2
Let s(a) = a + 3. Let z be s(9). Let p = z - 8. Calculate the remainder when 5 is divided by p.
1
Let z be (-1)/(1*(-1)/48). Suppose 0 = -5*t - 178 + z. Let f = t - -38. What is the remainder when 34 is divided by f?
10
Suppose -4*a = -3*j - 61, 0 = 5*j + 11 + 4. Let i = -3 + a. What is the remainder when 18 is divided by i?
8
Suppose -4*h = 6 + 2. Let y be h/(-3) + (-1376)/(-6). Suppose 0 = -n - 4*n + y. Calculate the remainder when n is divided by 12.
10
Let g(q) be the first derivative of 7*q**2 + 4*q + 2. Let k be g(3). Suppose d + 106 = 4*d - 5*w, d = -w + k. Calculate the remainder when d is divided by 22.
20
Let z = 103 - 66. What is the remainder when z is divided by (6 + 1)*10/7?
7
Suppose -r = -4*l + r + 136, 5*r + 165 = 5*l. What is the remainder when 104 is divided by l?
34
Suppose -4*y + 5 + 3 = 0. Suppose 4*h = 4*j + 16, -j + y*h - 6 + 0 = 0. What is the remainder when 38 is divided by -2 - (1 + j) - -14?
12
Let u be (-94)/(-18) - (-2)/(-9). Suppose -2*c = -4*l + 24, -2*l + 25 = l - u*c. Suppose -27 - 28 = -l*d. What is the remainder when 20 is divided by d?
9
Let p(s) = -3*s - 1. Let y = 52 + -45. What is the remainder when y is divided by p(-2)?
2
Suppose 12*t = 14*t - 10. Calculate the remainder when t/2*(-624)/(-60) is divided by 9.
8
Suppose 4*i - 524 = 436. Suppose 3*n = -2*n + i. Calculate the remainder when n + 3/(-6)*2 is divided by 16.
15
What is the remainder when 2 is divided by (2 + (-9)/6)*2?
0
Let v = -6 - -9. Let i = v + -1. Suppose 0 = i*q - 3 - 3. Calculate the remainder when 7 is divided by q.
1
What is the remainder when 41 is divided by (6/4)/((-1)/(-14))?
20
Let f(p) = p - 1. Let k be f(1). Suppose 0*s - 3*s + 12 = k. Suppose -r - 15 = -6*r. What is the remainder when s is divided by r?
1
Suppose 2*b - 4*b = 10. What is the remainder when 15 is divided by 6 + 1 + b/5?
3
Let o = -12 + 27. Calculate the remainder when o is divided by 4.
3
Let s = -9 - -11. Suppose s*m = 7*m. Suppose -w + 11 = -m*w. Calculate the remainder when 43 is divided by w.
10
Let t = 105 - 101. Suppose -11 = -4*v + 1. Calculate the remainder when t is divided by v.
1
Suppose 7 = 2*l - l. What is the remainder when 19 is divided by l?
5
Let h(u) = -14*u - 1. Let q be h(-1). Suppose -s + q - 11 = 0. What is the remainder when 7 is divided by s?
1
Suppose 0 = 3*r - 10*r + 14. Suppose 5*o - 9 = r*o. What is the remainder when o is divided by 2?
1
Let j = 0 + 9. Let z(v) = -v**3 - 4*v**2 + 2*v + 6. Let u be z(-4). Let m = j + u. Calculate the remainder when 13 is divided by m.
6
Suppose -4*s - o = -117, -s + o + 34 = 6*o. Let p = -13 + s. Calculate the remainder when 61 is divided by p.
13
Suppose 9*u = 42 + 3. Calculate the remainder when 27 is divided by u.
2
Suppose -5*r = -30 + 10. Suppose 0 = -n - p - 27, 104 = -r*n + p - 4*p. What is the remainder when (-2)/(1 - n/(-22)) is divided by 23?
21
Suppose z - 14 - 43 = 0. What is the remainder when z is divided by 20?
17
Suppose r - 11 = -0*r - i, r - 5 = 2*i. Calculate the remainder when 26 is divided by r.
8
Let q(u) = 3*u - 2*u + 21 + 14. What is the remainder when 33 is divided by q(-17)?
15
What is the remainder when 68 is divided by (-8)/(-16)*(-72 + 0)/(-2)?
14
Let c = 3 + 0. Suppose -b = c*b - 12. Calculate the remainder when 20 is divided by (6/(-3) + b)*7.
6
Let i = 118 + -45. What is the remainder when i is divided by 19?
16
Suppose 2*n = 5*z - 6, 37 = -0*n + 3*n + 4*z. Calculate the remainder when 25 is divided by n.
4
Suppose c - 4*c + 22 = 4*a, 3*a + 2*c - 17 = 0. What is the remainder when a is divided by 2?
1
Suppose -2*f + l + 7 = 2*f, -4*f + 3*l = -5. Let r = 6 - f. Let a(z) = 5*z - 3. What is the remainder when 50 is divided by a(r)?
16
Suppose 5*z - 28 = -13. What is the remainder when ((-110)/(-4))/((-3)/18*-3) is divided by 12 - (1 - z/1)?
13
Suppose 5*c = 3*y - 71, -3*y + 0*c = 5*c - 121. Let a = -22 + y. Calculate the remainder when 28 is divided by a.
8
Suppose 24 = 3*g - y, 4*g - 48 = -y - 3*y. Suppose 5*z + 5*f = -0*f + 15, -g = -2*z - f. Calculate the remainder when 1 + 16 - (2 + -2) is divided by z.
5
Let t(a) = a**3 + 5*a**2 - 2*a + 4. Let y(r) = -9*r - 39. Calculate the remainder when t(-3) is divided by y(-6).
13
Let n be (-54)/(-8) - (-4)/16. Let k = n + -4. Let z(g) = -g**2 + g + 7. What is the remainder when z(0) is divided by k?
1
Let n be 2 - 0 - (-24 + -2). Let u = n + 5. Suppose -g + 9 = -8. Calculate the remainder when u is divided by g.
16
Let d = -17 + 31. What is the remainder when 39 is divided by d?
11
Let i(l) = -l**3 + 5*l**2 - 3*l + 1. Let h = 3 - 9. Calculate the remainder when ((-9)/(-6))/(-1)*h is divided by i(4).
4
Let k(w) = -2*w**2 - 22*w + 3. What is the remainder when 5 is divided by k(-11)?
2
Suppose 0 = s + 4*s - 40. Let u = -5 + 18. What is the remainder when u is divided by 12/s + 22/4?
6
Let p(d) = 15*d**2 - 2*d - 1. Let r be p(-1). Let q = r + 12. Suppose -6 = 4*f - 3*x - q, 4*x + 28 = 5*f. Calculate the remainder when f is divided by 2.
0
Let s(k) = k + 1. Let l be s(7). Suppose -p = 3*p - l. Suppose 3*w = 2*z + 17, -19 = -w - 3*w - z. What is the remainder when w is divided by p?
1
Let t(w) = 2*w**2 - 8*w - 5. Suppose 0 = p + g - 5, 5*p - p - 26 = 2*g. Suppose 0 = -c + 5*c - 144. What is the remainder when c is divided by t(p)?
17
Suppose -2*l + 36 = 4*l. Calculate the remainder when 9 is divided by l.
3
Let o = -14 - -27. What is the remainder when 50 is divided by o?
11
Let b(y) = -y + 2. Let a be b(5). Let i be (2/a)/(2/(-129)). Let m = 60 - i. What is the remainder when 32 is divided by m?
15
Suppose -88 = 7*z - 319. What is the remainder when z is divided by 17?
16
Suppose 3*d = 5*d + 4, 0 = -3*j - 2*d + 62. Calculate the remainder when 42 is divided by j.
20
Suppose -5*f + 3*r = -35, -r = -2*f + r + 18. Suppose -2*k - 2*p + 23 = -p, -2*p - 34 = -f*k. What is the remainder when 28 is divided by k?
8
Let d = -76 - -146. What is the remainder when d is divided by 18?
16
What is the remainder when -4*(-2)/(-8)*-19 is divided by 4?
3
Suppose 320 = 2*u + 2*u. What is the remainder when 1/(1*4/u) is divided by 6?
2
Let z(n) = n - 8. Let j be z(13). Suppose -5*l = -3*q + j*q - 68, 0 = -3*l - 5*q + 37. What is the remainder when 54 is divided by l?
12
Suppose 4*l = -5*r + 23, 5*l - 5*r + 3 = -2. Let m(q) = -7*q**2 - 2*q + 3. Let z be m(l). Let b = z + 42. What is the remainder when 37 is divided by b?
11
What is the remainder when -5*3/(12/(-20)) is divided by 13?
12
Let s be (-2 - -3)/(-1)*-2. Suppose 68 = 2*o + s*o. What is the remainder when 65 is divided by o?
14
Suppose 0*p + p = 51. What is the remainder when p is divided by 26?
25
Suppose -p + 324 = 3*p. What is the remainder when p is divided by 14?
11
Suppose 45 = 2*a + 2*i - 41, 0 = 4*a - 3*i - 179. What is the remainder when 85 is divided by a?
41
Let s(m) be the second derivative of m**5/60 + m**4/4 + m**2 - 2*m. Let z(n) be the first derivative of s(n). What is the remainder when 47 is divided by z(-8)?
15
Suppose -w = 3*y - 176, 70 = y - w + 10. Calculate the remainder when y is divided by 31.
28
Suppose -3*y = 0, 9 = -2*m - m - 4*y. Suppose 0 =